 = 66*t - 3 - 6 + 22*t. Let r = 6344 - 6342. List the prime factors of d(r).
167
Let d(h) = 53*h - 63. Let y(q) = 51*q - 63. Let k(o) = 4*d(o) - 3*y(o). What are the prime factors of k(9)?
2, 3, 13
Suppose -4*l - 3*u - 120 = 0, -4*l + 9*u = 14*u + 120. List the prime factors of ((-30)/9)/(l/4590).
2, 3, 5, 17
Let v = 701 + 4719. What are the prime factors of v?
2, 5, 271
Suppose 2*x + 5*w = 29077 + 40672, 104696 = 3*x - 7*w. What are the prime factors of x?
3, 29, 401
Let m be 171/(-38) + 6/(-4) + 1. List the prime factors of 693 - m - (0 + (-4 - -1)).
701
Suppose 0 = -3*v + f + 704, -3*v + 2*f + 476 = -v. Let r = v + -655. What are the prime factors of r/(-4) + (-5)/10?
3, 5, 7
What are the prime factors of 19/(209/(-33)) + 20322?
3, 13, 521
Let s(l) = -l**2 - 3*l + 38. Let z be s(-7). What are the prime factors of (3 - 1315/(-25))*z/4?
139
Suppose 1740 = -7*a + 5*a + f, -2*a - 1724 = -5*f. Let y = 1303 + a. What are the prime factors of y?
431
Let w(v) be the second derivative of 29*v**3/2 - 5*v**2/2 - 25*v. Let y be w(2). Let n = 274 - y. What are the prime factors of n?
3, 5, 7
Suppose -422*q + 36345 = -419*q. What are the prime factors of q?
5, 2423
Suppose -2*w + 2*x + 188 = 6*x, 4*x + 212 = 2*w. Suppose -101*z + w*z = -420. What are the prime factors of z?
2, 3, 5, 7
Suppose 2*g - 2109 = 5*j, 380 - 1437 = -g + 2*j. Let m = g + -527. Suppose -4*x + 3*c + m = 0, -2*c + 244 = 2*x + 3*c. What are the prime factors of x?
2, 3, 11
Suppose 0 = 3*o - 3*y - 12, -3*o + 2*y = -0*o - 12. Let k = 4366 - 4296. Suppose -2*l = -3*z - k, 0*l + o*l = -4*z + 160. What are the prime factors of l?
2, 19
Let y = 65 + -30. Let u(g) = 3 - 5 - y*g + 16 + 11. What are the prime factors of u(-3)?
2, 5, 13
Let i(o) = o**2 - 175. Let q be i(0). Let w = -1689 + 1692. Let y = w - q. List the prime factors of y.
2, 89
Let g(a) = 3*a**2 - 18*a + 5. Let k be g(6). Suppose -515 = -k*h - 8995. What are the prime factors of (4/10)/(5 + h/340)?
2, 17
Let i = 1900 - -5377. What are the prime factors of i?
19, 383
Let s be (-2)/(((-20)/(-2326))/(-5)). Let l = -84 + s. List the prime factors of l.
13, 83
Suppose 3*x = q + 44417, -16 = -2*q - 14. What are the prime factors of x?
2, 11, 673
Let l(z) = 16*z + 255. Let g be l(-16). What are the prime factors of -1*(2 - (916 + g + 4))?
7, 131
List the prime factors of 13 - (-340025)/35 - (-10 - 0).
2, 3, 541
Let f(b) = -2*b + 38. Let x be f(17). Let k = 14 - x. What are the prime factors of k/20 + 181/2 + 3?
2, 47
Let g be (-2)/1*14/(-4). Suppose -g*z + 125 + 834 = 0. What are the prime factors of z?
137
Suppose 14*x = 546 + 126. Let q = 25 - 12. Let d = q + x. What are the prime factors of d?
61
Let a(l) = -l**3 + 45*l**2 - 89*l - 105. Let n be a(42). Let i = n + -919. What are the prime factors of i?
2, 5, 53
Let g(x) = 229*x + 4 - 58*x + 163*x + 44*x. List the prime factors of g(1).
2, 191
Suppose -g = -5*w + 118, -5*w = g + 3*g - 128. Suppose -w - 6 = 5*z. What are the prime factors of (-329)/(-3) - (-4)/z?
109
Let k(s) = 70*s + 25. Let h be k(5). Let r = h - 144. List the prime factors of r.
3, 7, 11
Let r(c) = 6*c - 195. Let w(t) = 10*t - 293. Let d(a) = -8*r(a) + 5*w(a). What are the prime factors of d(32)?
3, 53
Let z = -22 - -25. Suppose 0 = 7*g - 8*g + z*x + 537, 5*g + 3*x - 2703 = 0. What are the prime factors of g?
2, 3, 5
Let y(t) = -t**2 - 34*t + 333. Let j be y(8). Let d(w) = -8 - 6*w + 13*w**2 - 3*w**2 + 4. List the prime factors of d(j).
2, 13
Let k(a) = 13257*a + 1055. List the prime factors of k(5).
2, 5, 7, 13, 37
Suppose 3*u = 2*w + 9 - 0, -2*u + 6 = -4*w. Suppose w = -4*b + 2944 - 860. What are the prime factors of b?
521
Suppose o + f = 288, -2*o = 3*f - 528 - 46. Let q = -124 + o. Suppose -d + q = 4*w, -6*w + 158 = -2*w - 3*d. What are the prime factors of w?
41
Suppose -456 = 5*a - a. Let d = -117 - a. List the prime factors of (202/d)/(((-56)/21)/4).
101
Let r = -8763 + 14869. List the prime factors of r.
2, 43, 71
Let t = -174 - -264. Suppose 18*i - 2502 = -t. What are the prime factors of i?
2, 67
Suppose -173*l = 5*o - 177*l - 407438, 3*o = -l + 244439. What are the prime factors of o?
2, 131, 311
Let d = -480 + 8317. What are the prime factors of d?
17, 461
Suppose -223*o + 2*w - 53926 = -227*o, -3*o - 3*w = -40440. List the prime factors of o.
97, 139
Let s(t) be the third derivative of t**6/120 - 5*t**5/12 + t**4/3 + 19*t**3/6 + t**2 + 22*t. Let d = 16 + 9. List the prime factors of s(d).
3, 73
Suppose 4*n - 64 = -328. Let t = 63 + n. List the prime factors of -3 + (-6)/t - (-1 - 48).
2, 3
Let b = -521 + 523. What are the prime factors of (-8496)/8*b/(-4)?
3, 59
Let y(d) = -31*d - 81. Let n be y(9). Let v = n + 462. List the prime factors of v.
2, 3, 17
Suppose 51818 = -16*v - 11*v + 281102. List the prime factors of v.
2, 11, 193
Suppose -3*s = -3*w, 0 = -2*s - 3*w + 7*w. Suppose s = -3*u + 16 - 1. Suppose -3*c + 50 = -2*c + 2*v, c - 85 = u*v. What are the prime factors of c?
2, 3, 5
Suppose 3*l + 5*f - 20845 = 0, 30*l + 4*f + 13904 = 32*l. What are the prime factors of l?
2, 5, 139
Suppose -5*w = 2*t + t + 8, -5*t + 5*w + 40 = 0. Suppose 4*k - 149 = -3*g, -t*g = g - 2*k - 205. List the prime factors of g.
43
Let c(y) = -100*y + 2746. What are the prime factors of c(-44)?
2, 3, 397
Let i(m) = -m**3 - 32*m**2 - 42*m + 43. Let x be i(-28). List the prime factors of (-9)/(x/(-3942) + (-1)/2).
3, 73
Suppose -4*x - 92 = -5*x. Suppose 0 = -2*t + 24 - 34. Let a = x + t. What are the prime factors of a?
3, 29
Suppose 0 = 3*b + 3*c - 5 - 49, 4*b - 47 = c. Suppose -2121 = -b*i + 2364. List the prime factors of i.
3, 5, 23
Suppose 0 = 3*o + 5*u - 8771 - 6841, 2*o = u + 10421. What are the prime factors of o?
5209
Suppose -2*a - 19*i = -22*i - 35846, 5*a - 4*i = 89636. What are the prime factors of a?
2, 4483
Let q be ((-9)/6)/3*-26. Suppose -q = -9*y + 5. Suppose 16 = 5*g - y*h, 4*g + 7 = -5*h - 0. What are the prime factors of g?
2
Let g = -11649 - -20018. What are the prime factors of g?
8369
Let m(d) = 26*d**2 + 546*d - 544*d + 5 - 15 - 9. What are the prime factors of m(4)?
3, 5
Suppose -3756*z + 3732*z = -415536. What are the prime factors of z?
2, 11, 787
What are the prime factors of (-24)/(-11 + 251) + 14251/10?
3, 5, 19
Let t(n) = 24*n**2 - 165*n - 18. Let w be t(7). Suppose -21 = q - 164. Suppose w*h = 4*h - q. List the prime factors of h.
11, 13
Suppose 103*s - 70*s = 254232. List the prime factors of s.
2, 3, 107
Suppose 348*g - 1171739 = 1685731 + 1520370. What are the prime factors of g?
2, 5, 17, 37
Suppose 12585 = 4*r + 3*a, 4*r - 8*a - 12615 = -5*a. List the prime factors of r.
2, 3, 5, 7
Let n = 62762 - 41013. What are the prime factors of n?
7, 13, 239
Let s(j) be the third derivative of 0*j - 18*j**2 - 1/24*j**4 + 7/2*j**3 + 0. List the prime factors of s(12).
3
Suppose -g + 24 = 3*v - 660, 2*v = 6. Suppose -5*o = 2*s - 2220, 4*s + g = -5*o + 2885. List the prime factors of o.
2, 223
Let a(i) = -i**3 - 28*i**2 - 26*i + 32. Let g be a(-27). Suppose -g*q + 29*q - 11808 = 0. List the prime factors of q.
2, 3, 41
Let a = 16609 + 13221. What are the prime factors of a?
2, 5, 19, 157
Let k(w) = -329*w - 63. Let t be k(-2). Let n = t + -347. List the prime factors of n.
2, 31
What are the prime factors of (-130484)/(-12) + 60/(-45)*2/(-8)?
2, 5437
Suppose -5*y + 15 = -0*z + 4*z, -5*z + 26 = -y. Suppose -z*q + 28 + 82 = 0. List the prime factors of (-2 + 5 + q)*(-1 + 3).
2, 5
Let t(h) = -h**2 + 18*h - 7. Let a be 33/(-11) + (-5)/((-5)/16). List the prime factors of t(a).
2, 29
Let g = 73 - 119. Let a = g - -47. List the prime factors of a - 45*(-2 - -1).
2, 23
Suppose 0 = -580*k + 23708062 - 2982587 + 811665. What are the prime factors of k?
71, 523
Suppose -2*k + 6466 + 11815 = r, 0 = 3*r - 3*k - 54807. List the prime factors of r.
3, 6091
Suppose -6*u + 11 = -1. Suppose -i = 2*i + a - 783, 5*i + u*a = 1305. What are the prime factors of i?
3, 29
Suppose -5*m = -h - 170308, 4*h + 102161 = 3*m - 0*h. List the prime factors of m.
23, 1481
Let z = -10773 + 15180. What are the prime factors of z?
3, 13, 113
Let z = 224 - 137. Let x(a) = -a**3 - 14*a**2 + 15*a + 19. Let w be x(-15). Suppose -w = 4*r - z. List the prime factors of r.
17
Suppose -5*h + 25 = a, 4*h - 3 = 5*a - 12. Suppose a*k + 2*y -